{"id":935,"date":"2013-06-12T20:06:17","date_gmt":"2013-06-12T18:06:17","guid":{"rendered":"http:\/\/www.ac-germania.com\/A_ACG\/wordpress\/?page_id=935"},"modified":"2013-06-26T14:45:03","modified_gmt":"2013-06-26T12:45:03","slug":"2002-1-mannschaft-2","status":"publish","type":"page","link":"https:\/\/www.ac-germania.com\/?page_id=935","title":{"rendered":"2002 | 1. Mannschaft"},"content":{"rendered":"<h2 style=\"text-align: center;\"><strong>Kader 1. Mannschaft 2002 | Th\u00fcringenliga<\/strong><\/h2>\n<p style=\"text-align: center;\"><img loading=\"lazy\" decoding=\"async\" class=\"aligncenter  wp-image-936\" style=\"border: 1px solid black;\" alt=\"2002-ACG-Team-Thueringenlig\" src=\"https:\/\/www.ac-germania.com\/A_ACG\/wordpress\/wp-content\/uploads\/2013\/06\/2002-ACG-Team-Thueringenlig11.jpg\" width=\"1050\" height=\"788\" \/><\/p>\n<p style=\"text-align: center;\">Obere Reihe (v.l.): Franz Str\u00f6decke, Steffen Wengel, Swen Nickel, Marcel M\u00fcnchhoff, Norman Finke, Mario Panitzsch, Michael Getschmann, Steffen G\u00fcnther (Trainer)<br \/>\nUntere Reihe (v.l.): Gerhardt G\u00fcnther (Trainer), Steve Brylla, Tobias Pabst, Stephan Knopf, Christoph Reinshaus<\/p>\n<p style=\"text-align: center;\"><img decoding=\"async\" class=\"aligncenter  wp-image-761\" style=\"border: 1px solid black;\" alt=\"2002-ACG-Team-Thueringenliga-2\" src=\"https:\/\/www.ac-germania.com\/A_ACG\/wordpress\/wp-content\/uploads\/2013\/06\/2002-ACG-Team-Thueringenlig1a-2.jpg\" \/><\/p>\n<p style=\"text-align: center;\">Die Meistermannschaft bei der Pr\u00e4sentation des Opel Astra Cabrio.<\/p>\n<p style=\"text-align: center;\">\n","protected":false},"excerpt":{"rendered":"<p>Kader 1. Mannschaft 2002 | Th\u00fcringenliga Obere Reihe (v.l.): Franz Str\u00f6decke, Steffen Wengel, Swen Nickel, Marcel M\u00fcnchhoff, Norman Finke, Mario Panitzsch, Michael Getschmann, Steffen G\u00fcnther (Trainer) Untere Reihe (v.l.): Gerhardt G\u00fcnther (Trainer), Steve Brylla, Tobias Pabst, Stephan Knopf, Christoph Reinshaus Die Meistermannschaft bei der Pr\u00e4sentation des Opel Astra Cabrio.<\/p>\n","protected":false},"author":1,"featured_media":0,"parent":178,"menu_order":0,"comment_status":"closed","ping_status":"closed","template":"template-onecolumn.php","meta":{"footnotes":""},"class_list":["post-935","page","type-page","status-publish","hentry"],"_links":{"self":[{"href":"https:\/\/www.ac-germania.com\/index.php?rest_route=\/wp\/v2\/pages\/935","targetHints":{"allow":["GET"]}}],"collection":[{"href":"https:\/\/www.ac-germania.com\/index.php?rest_route=\/wp\/v2\/pages"}],"about":[{"href":"https:\/\/www.ac-germania.com\/index.php?rest_route=\/wp\/v2\/types\/page"}],"author":[{"embeddable":true,"href":"https:\/\/www.ac-germania.com\/index.php?rest_route=\/wp\/v2\/users\/1"}],"replies":[{"embeddable":true,"href":"https:\/\/www.ac-germania.com\/index.php?rest_route=%2Fwp%2Fv2%2Fcomments&post=935"}],"version-history":[{"count":0,"href":"https:\/\/www.ac-germania.com\/index.php?rest_route=\/wp\/v2\/pages\/935\/revisions"}],"up":[{"embeddable":true,"href":"https:\/\/www.ac-germania.com\/index.php?rest_route=\/wp\/v2\/pages\/178"}],"wp:attachment":[{"href":"https:\/\/www.ac-germania.com\/index.php?rest_route=%2Fwp%2Fv2%2Fmedia&parent=935"}],"curies":[{"name":"wp","href":"https:\/\/api.w.org\/{rel}","templated":true}]}}