{"id":894,"date":"2013-06-12T17:12:50","date_gmt":"2013-06-12T15:12:50","guid":{"rendered":"http:\/\/www.ac-germania.com\/A_ACG\/wordpress\/?page_id=894"},"modified":"2013-06-26T14:48:11","modified_gmt":"2013-06-26T12:48:11","slug":"2002-1-mannschaft","status":"publish","type":"page","link":"https:\/\/www.ac-germania.com\/?page_id=894","title":{"rendered":"2001 | 1. Mannschaft"},"content":{"rendered":"<h2 style=\"text-align: center;\"><strong>Kader 1. Mannschaft 2001 |\u00a0Th\u00fcringenliga<\/strong><\/h2>\n<p style=\"text-align: center;\"><img decoding=\"async\" class=\"aligncenter  wp-image-760\" style=\"border: 1px solid black;\" alt=\"2002-ACG-Team-Thueringenliga-1\" src=\"https:\/\/www.ac-germania.com\/A_ACG\/wordpress\/wp-content\/uploads\/2013\/06\/2002-ACG-Team-Thueringenlig1a-1.jpg\" \/><\/p>\n<p style=\"text-align: center;\">Obere Reihe (v.l.): Gerd Pillep (Pr\u00e4sident), Gerhardt G\u00fcnther (Trainer), Thomas Grosche (Mannschaftsleiter), Steffen Wengel, Norman Finke mit Ken Finke auf der Schulter, Marcel T\u00f6pfer, Andy Sieber, Tobias Pabst, Jean H\u00f6rig, Jessica H\u00f6rig, Steffen \u00dcbensee, Heiko Kupfernagel, Marcel M\u00fcnchhoff, Frank Riese, Swen Nickel, Uwe P\u00f6tzschke (Trainer)\u00a0mit Jonas P\u00f6tzschke auf der Schulter, Steffen G\u00fcnther (Trainer)<br \/>\nUntere Reihe (v.l.): Christoph Reinshaus, Mario Panitzsch, Stephan Knopf, Toni Heidenreich, Alexander Reinshaus<\/p>\n","protected":false},"excerpt":{"rendered":"<p>Kader 1. Mannschaft 2001 |\u00a0Th\u00fcringenliga Obere Reihe (v.l.): Gerd Pillep (Pr\u00e4sident), Gerhardt G\u00fcnther (Trainer), Thomas Grosche (Mannschaftsleiter), Steffen Wengel, Norman Finke mit Ken Finke auf der Schulter, Marcel T\u00f6pfer, Andy Sieber, Tobias Pabst, Jean H\u00f6rig, Jessica H\u00f6rig, Steffen \u00dcbensee, Heiko Kupfernagel, Marcel M\u00fcnchhoff, Frank Riese, Swen Nickel, Uwe P\u00f6tzschke (Trainer)\u00a0mit \u2026 <a class=\"continue-reading-link\" href=\"https:\/\/www.ac-germania.com\/?page_id=894\">Weiterlesen <span class=\"meta-nav\">&rarr; <\/span><\/a><\/p>\n","protected":false},"author":1,"featured_media":0,"parent":178,"menu_order":0,"comment_status":"closed","ping_status":"closed","template":"template-onecolumn.php","meta":{"footnotes":""},"class_list":["post-894","page","type-page","status-publish","hentry"],"_links":{"self":[{"href":"https:\/\/www.ac-germania.com\/index.php?rest_route=\/wp\/v2\/pages\/894","targetHints":{"allow":["GET"]}}],"collection":[{"href":"https:\/\/www.ac-germania.com\/index.php?rest_route=\/wp\/v2\/pages"}],"about":[{"href":"https:\/\/www.ac-germania.com\/index.php?rest_route=\/wp\/v2\/types\/page"}],"author":[{"embeddable":true,"href":"https:\/\/www.ac-germania.com\/index.php?rest_route=\/wp\/v2\/users\/1"}],"replies":[{"embeddable":true,"href":"https:\/\/www.ac-germania.com\/index.php?rest_route=%2Fwp%2Fv2%2Fcomments&post=894"}],"version-history":[{"count":0,"href":"https:\/\/www.ac-germania.com\/index.php?rest_route=\/wp\/v2\/pages\/894\/revisions"}],"up":[{"embeddable":true,"href":"https:\/\/www.ac-germania.com\/index.php?rest_route=\/wp\/v2\/pages\/178"}],"wp:attachment":[{"href":"https:\/\/www.ac-germania.com\/index.php?rest_route=%2Fwp%2Fv2%2Fmedia&parent=894"}],"curies":[{"name":"wp","href":"https:\/\/api.w.org\/{rel}","templated":true}]}}