{"id":208,"date":"2013-04-18T10:21:56","date_gmt":"2013-04-18T08:21:56","guid":{"rendered":"http:\/\/www.ac-germania.com\/A_ACG\/wordpress\/?page_id=208"},"modified":"2013-06-26T16:52:47","modified_gmt":"2013-06-26T14:52:47","slug":"von-der-grundung-bis-1918","status":"publish","type":"page","link":"https:\/\/www.ac-germania.com\/?page_id=208","title":{"rendered":"Von der Gr\u00fcndung bis 1918"},"content":{"rendered":"<h2><strong>Von der Gr\u00fcndung bis 1918<\/strong><\/h2>\n<p>Der Athletenclub Germania Artern 1900 wurde am 03. November 1900 um 19.00 Uhr von 18 jungen M\u00e4nnern im Gasthaus \u201eGoethehaus\u201c aus der Taufe gehoben und vereinsm\u00e4\u00dfig gegr\u00fcndet. Zu den Gr\u00fcndern geh\u00f6rten der sp\u00e4tere B\u00fcrgermeister Karl H\u00fchnerbein, Wilhelm Basler, Hermann Buchholz, Franz D\u00e4hne, Karl Ernst, Oskar Freund, Waldemar Kaiser, Karl Kubald, Fritz Michel, Albert M\u00fcndke, Otto Patzschke, August Pilz, Otto P\u00f6tzsch, Karl Reiber, Friedrich Riech, August Vetter, Otto Vetter und Richard Wicht. Hauptinitiator war Sportfreund Otto P\u00f6tzsch, unter dessen Vorstandschaft der \u00dcbungsbetrieb im Kronensaal und -garten (jetziger Standort Fachgesch\u00e4ft Chr. Bauer) durchgef\u00fchrt wurde.<\/p>\n<h5 style=\"text-align: center;\"><img loading=\"lazy\" decoding=\"async\" class=\"wp-image-209 aligncenter\" style=\"border: 1px solid black;\" alt=\"\" src=\"https:\/\/www.ac-germania.com\/A_ACG\/wordpress\/wp-content\/uploads\/2013\/04\/acg_chronik_002.jpg\" width=\"231\" height=\"354\" \/><\/h5>\n<h5 style=\"text-align: center;\">Im Jahr 1907 hat sich Arterns Germaniaverein unter dem interessanten Athleten-Logo-Motiv ein neues Statut gegeben.<\/h5>\n<p>In den ersten Jahren nach der Gr\u00fcndung des Athletenclubs Germania waren Ringen und Gewichtheben allerdings nur einige von vielen Angeboten der Arterner Schwerathletik. Erster H\u00f6hepunkt im noch jungen Vereinsleben war das 10j\u00e4hrige Jubil\u00e4um im Jahr 1910, das mit einem sportlichen Gauwettstreit und der Vereinsfahnenweihe geb\u00fchrend gefeiert wurde. Die wertvolle Fahne mit den Vereinsfarben Gr\u00fcn-Gelb sowie das Jubil\u00e4umsbild sind bis zum heutigen Tage erhalten geblieben und haben im Vereinsheim einen ehrenvollen Platz erhalten.<\/p>\n<p style=\"text-align: center;\"><img decoding=\"async\" class=\"aligncenter  wp-image-211\" style=\"border: 1px solid black;\" alt=\"\" src=\"https:\/\/www.ac-germania.com\/A_ACG\/wordpress\/wp-content\/uploads\/2013\/04\/acg_chronik_003.jpg\" \/><\/p>\n<p style=\"text-align: center;\"><span style=\"font-family: Times New Roman; font-size: small;\">Unsere Schwerathleten stellten sich bei der Fahnenweihe im Jahr 1910 zum Gruppenfoto. Rechts neben der Germaniafahne (stehend) erkennen wir den sp\u00e4teren Vereinsvorsitzenden Karl Pillep sen.<\/span><\/p>\n<p>Der Verein widmete sich nach den ersten Anf\u00e4ngen insbesondere den in Artern heute noch betriebenen Sportarten Ringen und Gewichtheben. Es wurde recht schnell ein guter Leistungsstand erreicht, der dazu beitrug, dass sich der Mitgliederstand immer mehr vergr\u00f6\u00dferte und bei Veranstaltungen volle H\u00e4user brachte.<\/p>\n<p>Bis zum Jahr 1914 nahm der Athletenclub an verschiedenen Wettk\u00e4mpfen, mit zum Teil herausragenden Platzierungen, teil. Dabei gab es u. a. bei den Mitteldeutschen Meisterschaften im Gewichtheben vordere Pl\u00e4tze durch Karl Pillep sen. und August R\u00f6der. Ringer-Schwergewichtler Wille W\u00e4chter erk\u00e4mpfte bei der Weltmeisterschaft in Duisburg einen beachtlichen 9. Platz. Weltklasse war der sp\u00e4tere Berufsathlet Otto M\u00f6bis, genannt Fred Rollon, der in vielen L\u00e4ndern der Welt mit seinen artistischen Leistungen Aufsehen erregte.<\/p>\n<p>Der Ausbruch des 1. Weltkrieges am 1. August 1914 stoppte jedoch j\u00e4h die Fortentwicklung des Vereins. Sieben aktive Mitglieder, die zu den Besten des Athletenclubs z\u00e4hlten, kehrten aus dem V\u00f6lkerringen nicht mehr zur\u00fcck. Nach Beendigung dieser V\u00f6lkerschlacht lie\u00dfen es sich die Zur\u00fcckgekehrten um den Vorsitzenden Karl Pillep sen. nicht nehmen, den Verein wieder in gewohnte Bahnen zu lenken.<\/p>\n<p style=\"text-align: center;\"><img decoding=\"async\" class=\"aligncenter  wp-image-212\" style=\"border: 1px solid black;\" alt=\"\" src=\"https:\/\/www.ac-germania.com\/A_ACG\/wordpress\/wp-content\/uploads\/2013\/04\/acg_chronik_004.jpg\" \/><\/p>\n<h5 style=\"text-align: center;\">Vereinsvorstand und Mitglieder im Jahr 1930 vor der damaligen Sportst\u00e4tte \u201eVeitskirche\u201c.<\/h5>\n","protected":false},"excerpt":{"rendered":"<p>Von der Gr\u00fcndung bis 1918 Der Athletenclub Germania Artern 1900 wurde am 03. November 1900 um 19.00 Uhr von 18 jungen M\u00e4nnern im Gasthaus \u201eGoethehaus\u201c aus der Taufe gehoben und vereinsm\u00e4\u00dfig gegr\u00fcndet. Zu den Gr\u00fcndern geh\u00f6rten der sp\u00e4tere B\u00fcrgermeister Karl H\u00fchnerbein, Wilhelm Basler, Hermann Buchholz, Franz D\u00e4hne, Karl Ernst, Oskar \u2026 <a class=\"continue-reading-link\" href=\"https:\/\/www.ac-germania.com\/?page_id=208\">Weiterlesen <span class=\"meta-nav\">&rarr; <\/span><\/a><\/p>\n","protected":false},"author":1,"featured_media":0,"parent":175,"menu_order":0,"comment_status":"closed","ping_status":"closed","template":"","meta":{"footnotes":""},"class_list":["post-208","page","type-page","status-publish","hentry"],"_links":{"self":[{"href":"https:\/\/www.ac-germania.com\/index.php?rest_route=\/wp\/v2\/pages\/208","targetHints":{"allow":["GET"]}}],"collection":[{"href":"https:\/\/www.ac-germania.com\/index.php?rest_route=\/wp\/v2\/pages"}],"about":[{"href":"https:\/\/www.ac-germania.com\/index.php?rest_route=\/wp\/v2\/types\/page"}],"author":[{"embeddable":true,"href":"https:\/\/www.ac-germania.com\/index.php?rest_route=\/wp\/v2\/users\/1"}],"replies":[{"embeddable":true,"href":"https:\/\/www.ac-germania.com\/index.php?rest_route=%2Fwp%2Fv2%2Fcomments&post=208"}],"version-history":[{"count":0,"href":"https:\/\/www.ac-germania.com\/index.php?rest_route=\/wp\/v2\/pages\/208\/revisions"}],"up":[{"embeddable":true,"href":"https:\/\/www.ac-germania.com\/index.php?rest_route=\/wp\/v2\/pages\/175"}],"wp:attachment":[{"href":"https:\/\/www.ac-germania.com\/index.php?rest_route=%2Fwp%2Fv2%2Fmedia&parent=208"}],"curies":[{"name":"wp","href":"https:\/\/api.w.org\/{rel}","templated":true}]}}

Von der Gründung bis 1918

<h2><strong>Von der Gründung bis 1918</strong></h2>
<p>Der Athletenclub Germania Artern 1900 wurde am 03. November 1900 um 19.00 Uhr von 18 jungen Männern im Gasthaus „Goethehaus“ aus der Taufe gehoben und vereinsmäßig gegründet. Zu den Gründern gehörten der spätere Bürgermeister Karl Hühnerbein, Wilhelm Basler, Hermann Buchholz, Franz Dähne, Karl Ernst, Oskar Freund, Waldemar Kaiser, Karl Kubald, Fritz Michel, Albert Mündke, Otto Patzschke, August Pilz, Otto Pötzsch, Karl Reiber, Friedrich Riech, August Vetter, Otto Vetter und Richard Wicht. Hauptinitiator war Sportfreund Otto Pötzsch, unter dessen Vorstandschaft der Übungsbetrieb im Kronensaal und -garten (jetziger Standort Fachgeschäft Chr. Bauer) durchgeführt wurde.</p>
<h5 style="text-align: center;"><img loading="lazy" decoding="async" class="wp-image-209 aligncenter" style="border: 1px solid black;" alt="" src="https://www.ac-germania.com/A_ACG/wordpress/wp-content/uploads/2013/04/acg_chronik_002.jpg" width="231" height="354" /></h5>
<h5 style="text-align: center;">Im Jahr 1907 hat sich Arterns Germaniaverein unter dem interessanten Athleten-Logo-Motiv ein neues Statut gegeben.</h5>
<p>In den ersten Jahren nach der Gründung des Athletenclubs Germania waren Ringen und Gewichtheben allerdings nur einige von vielen Angeboten der Arterner Schwerathletik. Erster Höhepunkt im noch jungen Vereinsleben war das 10jährige Jubiläum im Jahr 1910, das mit einem sportlichen Gauwettstreit und der Vereinsfahnenweihe gebührend gefeiert wurde. Die wertvolle Fahne mit den Vereinsfarben Grün-Gelb sowie das Jubiläumsbild sind bis zum heutigen Tage erhalten geblieben und haben im Vereinsheim einen ehrenvollen Platz erhalten.</p>
<p style="text-align: center;"><img decoding="async" class="aligncenter  wp-image-211" style="border: 1px solid black;" alt="" src="https://www.ac-germania.com/A_ACG/wordpress/wp-content/uploads/2013/04/acg_chronik_003.jpg" /></p>
<p style="text-align: center;"><span style="font-family: Times New Roman; font-size: small;">Unsere Schwerathleten stellten sich bei der Fahnenweihe im Jahr 1910 zum Gruppenfoto. Rechts neben der Germaniafahne (stehend) erkennen wir den späteren Vereinsvorsitzenden Karl Pillep sen.</span></p>
<p>Der Verein widmete sich nach den ersten Anfängen insbesondere den in Artern heute noch betriebenen Sportarten Ringen und Gewichtheben. Es wurde recht schnell ein guter Leistungsstand erreicht, der dazu beitrug, dass sich der Mitgliederstand immer mehr vergrößerte und bei Veranstaltungen volle Häuser brachte.</p>
<p>Bis zum Jahr 1914 nahm der Athletenclub an verschiedenen Wettkämpfen, mit zum Teil herausragenden Platzierungen, teil. Dabei gab es u. a. bei den Mitteldeutschen Meisterschaften im Gewichtheben vordere Plätze durch Karl Pillep sen. und August Röder. Ringer-Schwergewichtler Wille Wächter erkämpfte bei der Weltmeisterschaft in Duisburg einen beachtlichen 9. Platz. Weltklasse war der spätere Berufsathlet Otto Möbis, genannt Fred Rollon, der in vielen Ländern der Welt mit seinen artistischen Leistungen Aufsehen erregte.</p>
<p>Der Ausbruch des 1. Weltkrieges am 1. August 1914 stoppte jedoch jäh die Fortentwicklung des Vereins. Sieben aktive Mitglieder, die zu den Besten des Athletenclubs zählten, kehrten aus dem Völkerringen nicht mehr zurück. Nach Beendigung dieser Völkerschlacht ließen es sich die Zurückgekehrten um den Vorsitzenden Karl Pillep sen. nicht nehmen, den Verein wieder in gewohnte Bahnen zu lenken.</p>
<p style="text-align: center;"><img decoding="async" class="aligncenter  wp-image-212" style="border: 1px solid black;" alt="" src="https://www.ac-germania.com/A_ACG/wordpress/wp-content/uploads/2013/04/acg_chronik_004.jpg" /></p>
<h5 style="text-align: center;">Vereinsvorstand und Mitglieder im Jahr 1930 vor der damaligen Sportstätte „Veitskirche“.</h5>

<p>Von der Gründung bis 1918 Der Athletenclub Germania Artern 1900 wurde am 03. November 1900 um 19.00 Uhr von 18 jungen Männern im Gasthaus „Goethehaus“ aus der Taufe gehoben und vereinsmäßig gegründet. Zu den Gründern gehörten der spätere Bürgermeister Karl Hühnerbein, Wilhelm Basler, Hermann Buchholz, Franz Dähne, Karl Ernst, Oskar … <a class="continue-reading-link" href="https://www.ac-germania.com/?page_id=208">Weiterlesen <span class="meta-nav">&rarr; </span></a></p>
