{"id":194,"date":"2013-04-18T09:21:07","date_gmt":"2013-04-18T07:21:07","guid":{"rendered":"http:\/\/www.ac-germania.com\/A_ACG\/wordpress\/?page_id=194"},"modified":"2013-06-26T16:51:48","modified_gmt":"2013-06-26T14:51:48","slug":"ein-jahrhundert-schwerathletik-im-wandel-der-zeit","status":"publish","type":"page","link":"https:\/\/www.ac-germania.com\/?page_id=194","title":{"rendered":"Ein Jahrhundert \u201eSchwerathletik\u201c im Wandel der Zeit"},"content":{"rendered":"<h2><strong>Ein Jahrhundert \u201eSchwerathletik\u201c im Wandel der Zeit<\/strong><\/h2>\n<p>Ringen geh\u00f6rt zu den klassischen Sportarten. Ein waffenloser Kampfsport des Altertums, der von \u00c4gypten \u00fcber Griechenland nach Rom kam. Im Griechenland der Antike war Ringen ein Teil des F\u00fcnfkampfes bei den Olympischen Spielen.<\/p>\n<p>Heute unterscheidet man in griechisch-r\u00f6mischen Stil mit erlaubten Griffen vom Scheitel bis zur H\u00fcfte und in Freien Stil, bei dem auch Griffe an den Beinen und Beinstellen erlaubt sind. 1880 fand der Kraftsport in Deutschland seine ersten Anh\u00e4nger und Karl Abst f\u00fchrte das \u201emoderne\u201c Ringen ein.<\/p>\n<p>Das Gewichtheben als sportliche Bet\u00e4tigung gibt es erst seit dem 19. Jahrhundert. Ursprungsl\u00e4nder sind Frankreich, Russland, Deutschland und \u00d6sterreich. Zun\u00e4chst standen dabei die verschiedensten Kraft\u00fcbungen, wie Gewichtwerfen, Rundgewichtestemmen, ein- und beidarmiges Rei\u00dfen und Stossen usw. im Mittelpunkt.<\/p>\n<address><img loading=\"lazy\" decoding=\"async\" class=\"size-full wp-image-195 aligncenter\" style=\"border: 1px solid black;\" alt=\"\" src=\"https:\/\/www.ac-germania.com\/A_ACG\/wordpress\/wp-content\/uploads\/2013\/04\/acg_chronik_00111.jpg\" width=\"544\" height=\"401\" \/><\/address>\n<h6 style=\"text-align: center;\">Die Begr\u00fcnder der Arterner Schwerathletik stellten sich im Rahmen ihres ersten Wettkampfauftrittes zum Gemeinschaftsfoto.<\/h6>\n<address>\u00a0<\/address>\n<p>Besonderen Zuspruch erhielt dann Anfang des 19. Jahrhunderts die Verbindung von Ringen und Gewichtheben, die in Deutschland organisatorisch bis in die 70er Jahre aufrecht erhalten wurde. Ringen und Gewichtheben sind seit 1896 olympische Sportarten der Neuzeit.<\/p>\n","protected":false},"excerpt":{"rendered":"<p>Ein Jahrhundert \u201eSchwerathletik\u201c im Wandel der Zeit Ringen geh\u00f6rt zu den klassischen Sportarten. Ein waffenloser Kampfsport des Altertums, der von \u00c4gypten \u00fcber Griechenland nach Rom kam. Im Griechenland der Antike war Ringen ein Teil des F\u00fcnfkampfes bei den Olympischen Spielen. Heute unterscheidet man in griechisch-r\u00f6mischen Stil mit erlaubten Griffen vom \u2026 <a class=\"continue-reading-link\" href=\"https:\/\/www.ac-germania.com\/?page_id=194\">Weiterlesen <span class=\"meta-nav\">&rarr; <\/span><\/a><\/p>\n","protected":false},"author":1,"featured_media":0,"parent":175,"menu_order":0,"comment_status":"closed","ping_status":"closed","template":"","meta":{"footnotes":""},"class_list":["post-194","page","type-page","status-publish","hentry"],"_links":{"self":[{"href":"https:\/\/www.ac-germania.com\/index.php?rest_route=\/wp\/v2\/pages\/194","targetHints":{"allow":["GET"]}}],"collection":[{"href":"https:\/\/www.ac-germania.com\/index.php?rest_route=\/wp\/v2\/pages"}],"about":[{"href":"https:\/\/www.ac-germania.com\/index.php?rest_route=\/wp\/v2\/types\/page"}],"author":[{"embeddable":true,"href":"https:\/\/www.ac-germania.com\/index.php?rest_route=\/wp\/v2\/users\/1"}],"replies":[{"embeddable":true,"href":"https:\/\/www.ac-germania.com\/index.php?rest_route=%2Fwp%2Fv2%2Fcomments&post=194"}],"version-history":[{"count":0,"href":"https:\/\/www.ac-germania.com\/index.php?rest_route=\/wp\/v2\/pages\/194\/revisions"}],"up":[{"embeddable":true,"href":"https:\/\/www.ac-germania.com\/index.php?rest_route=\/wp\/v2\/pages\/175"}],"wp:attachment":[{"href":"https:\/\/www.ac-germania.com\/index.php?rest_route=%2Fwp%2Fv2%2Fmedia&parent=194"}],"curies":[{"name":"wp","href":"https:\/\/api.w.org\/{rel}","templated":true}]}}