{"id":19,"date":"2013-04-16T10:59:48","date_gmt":"2013-04-16T08:59:48","guid":{"rendered":"http:\/\/www.ac-germania.com\/A_ACG\/wordpress\/?page_id=19"},"modified":"2024-08-21T17:01:46","modified_gmt":"2024-08-21T16:01:46","slug":"verein","status":"publish","type":"page","link":"https:\/\/www.ac-germania.com\/?page_id=19","title":{"rendered":"Verein"},"content":{"rendered":"<h2><strong>Verein<\/strong><\/h2>\n<p>Der Athletenclub Germania Artern z\u00e4hlt zu den gr\u00f6\u00dften und Mitgliedsst\u00e4rksten Vereinen im Kyffh\u00e4userkreis und Nordth\u00fcringen. Neben dem sportlichen Gedanken wird bei uns auch das Vereinsleben gro\u00dfgeschrieben. Wir engagieren uns stark im Nachwuchsbereich und bieten allen ein sportliches und soziales Umfeld.<\/p>\n<p><strong>Lernen Sie den AC Germania kennen und werden Sie Mitglied.<\/strong><\/p>\n<ul>\n<li><a title=\"Trainer\" href=\"https:\/\/www.ac-germania.com\/A_ACG\/wordpress\/?page_id=5989\">Trainer<\/a><\/li>\n<li><a title=\"Ansprechpartner\" href=\"https:\/\/www.ac-germania.com\/A_ACG\/wordpress\/?page_id=5965\">Ansprechpartner<\/a><\/li>\n<li><a title=\"Satzung\" href=\"https:\/\/www.ac-germania.com\/?page_id=3103\">Satzung<\/a><\/li>\n<li><a title=\"Mitglied werden\" href=\"https:\/\/www.ac-germania.com\/A_ACG\/wordpress\/?page_id=47\">Mitglied werden<\/a><\/li>\n<li><a title=\"Chronik\" href=\"https:\/\/www.ac-germania.com\/A_ACG\/wordpress\/?page_id=172\">Chronik<\/a><\/li>\n<li><a title=\"Anfahrt Unstruthalle\" href=\"https:\/\/www.ac-germania.com\/A_ACG\/wordpress\/?page_id=61\">Anfahrt Unstruthalle<\/a><\/li>\n<li><a title=\"Der neunte Fr\u00fchling\" href=\"https:\/\/www.ac-germania.com\/A_ACG\/wordpress\/?page_id=708\">Der neunte Fr\u00fchling<\/a><\/li>\n<li><a title=\"Aufstieg 2. Bundesliga 2014\" href=\"https:\/\/www.ac-germania.com\/?page_id=2991\">Regionalligameister 2014 &amp; Aufstieg in die 2. Bundesliga<\/a><\/li>\n<li><a href=\"http:\/\/www.facebook.com\/acgartern\" target=\"_blank\" rel=\"noopener noreferrer\">AC Germania bei Facebook<\/a><\/li>\n<\/ul>\n<p><strong>Das ist die originale Vereinsfahne des AC Germania. Sie k\u00f6nnen die Fahne in\u00a0 unserem Haus der Ringer besichtigen.<\/strong><\/p>\n<p><img loading=\"lazy\" decoding=\"async\" class=\"size-full wp-image-1316 alignnone\" style=\"border: 1px solid black;\" src=\"https:\/\/www.ac-germania.com\/A_ACG\/wordpress\/wp-content\/uploads\/2013\/06\/fahne_vorderseite.gif\" alt=\"\" width=\"397\" height=\"360\" \/><br \/>\nVorderseite mit dem offiziellen Vereinsnamen.<\/p>\n<p><img loading=\"lazy\" decoding=\"async\" class=\"size-full wp-image-1315 alignnone\" style=\"border: 1px solid black;\" src=\"https:\/\/www.ac-germania.com\/A_ACG\/wordpress\/wp-content\/uploads\/2013\/06\/fahne_rueckseite.gif\" alt=\"\" width=\"462\" height=\"398\" \/><br \/>\nR\u00fcckseite mit den 4 K&#8217;s, welche f\u00fcr &#8222;Kraftvoll&#8220;, &#8222;Kunstvoll&#8220;, &#8222;Kernig&#8220; und K\u00fchn stehen.<\/p>\n","protected":false},"excerpt":{"rendered":"<p>Verein Der Athletenclub Germania Artern z\u00e4hlt zu den gr\u00f6\u00dften und Mitgliedsst\u00e4rksten Vereinen im Kyffh\u00e4userkreis und Nordth\u00fcringen. Neben dem sportlichen Gedanken wird bei uns auch das Vereinsleben gro\u00dfgeschrieben. Wir engagieren uns stark im Nachwuchsbereich und bieten allen ein sportliches und soziales Umfeld. Lernen Sie den AC Germania kennen und werden Sie \u2026 <a class=\"continue-reading-link\" href=\"https:\/\/www.ac-germania.com\/?page_id=19\">Weiterlesen <span class=\"meta-nav\">&rarr; <\/span><\/a><\/p>\n","protected":false},"author":1,"featured_media":0,"parent":0,"menu_order":0,"comment_status":"closed","ping_status":"closed","template":"","meta":{"footnotes":""},"class_list":["post-19","page","type-page","status-publish","hentry"],"_links":{"self":[{"href":"https:\/\/www.ac-germania.com\/index.php?rest_route=\/wp\/v2\/pages\/19","targetHints":{"allow":["GET"]}}],"collection":[{"href":"https:\/\/www.ac-germania.com\/index.php?rest_route=\/wp\/v2\/pages"}],"about":[{"href":"https:\/\/www.ac-germania.com\/index.php?rest_route=\/wp\/v2\/types\/page"}],"author":[{"embeddable":true,"href":"https:\/\/www.ac-germania.com\/index.php?rest_route=\/wp\/v2\/users\/1"}],"replies":[{"embeddable":true,"href":"https:\/\/www.ac-germania.com\/index.php?rest_route=%2Fwp%2Fv2%2Fcomments&post=19"}],"version-history":[{"count":1,"href":"https:\/\/www.ac-germania.com\/index.php?rest_route=\/wp\/v2\/pages\/19\/revisions"}],"predecessor-version":[{"id":10122,"href":"https:\/\/www.ac-germania.com\/index.php?rest_route=\/wp\/v2\/pages\/19\/revisions\/10122"}],"wp:attachment":[{"href":"https:\/\/www.ac-germania.com\/index.php?rest_route=%2Fwp%2Fv2%2Fmedia&parent=19"}],"curies":[{"name":"wp","href":"https:\/\/api.w.org\/{rel}","templated":true}]}}

<h2><strong>Verein</strong></h2>
<p>Der Athletenclub Germania Artern zählt zu den größten und Mitgliedsstärksten Vereinen im Kyffhäuserkreis und Nordthüringen. Neben dem sportlichen Gedanken wird bei uns auch das Vereinsleben großgeschrieben. Wir engagieren uns stark im Nachwuchsbereich und bieten allen ein sportliches und soziales Umfeld.</p>
<p><strong>Lernen Sie den AC Germania kennen und werden Sie Mitglied.</strong></p>
<ul>
<li><a title="Trainer" href="https://www.ac-germania.com/A_ACG/wordpress/?page_id=5989">Trainer</a></li>
<li><a title="Ansprechpartner" href="https://www.ac-germania.com/A_ACG/wordpress/?page_id=5965">Ansprechpartner</a></li>
<li><a title="Satzung" href="https://www.ac-germania.com/?page_id=3103">Satzung</a></li>
<li><a title="Mitglied werden" href="https://www.ac-germania.com/A_ACG/wordpress/?page_id=47">Mitglied werden</a></li>
<li><a title="Chronik" href="https://www.ac-germania.com/A_ACG/wordpress/?page_id=172">Chronik</a></li>
<li><a title="Anfahrt Unstruthalle" href="https://www.ac-germania.com/A_ACG/wordpress/?page_id=61">Anfahrt Unstruthalle</a></li>
<li><a title="Der neunte Frühling" href="https://www.ac-germania.com/A_ACG/wordpress/?page_id=708">Der neunte Frühling</a></li>
<li><a title="Aufstieg 2. Bundesliga 2014" href="https://www.ac-germania.com/?page_id=2991">Regionalligameister 2014 &amp; Aufstieg in die 2. Bundesliga</a></li>
<li><a href="http://www.facebook.com/acgartern" target="_blank" rel="noopener noreferrer">AC Germania bei Facebook</a></li>
</ul>
<p><strong>Das ist die originale Vereinsfahne des AC Germania. Sie können die Fahne in  unserem Haus der Ringer besichtigen.</strong></p>
<p><img loading="lazy" decoding="async" class="size-full wp-image-1316 alignnone" style="border: 1px solid black;" src="https://www.ac-germania.com/A_ACG/wordpress/wp-content/uploads/2013/06/fahne_vorderseite.gif" alt="" width="397" height="360" /><br />
Vorderseite mit dem offiziellen Vereinsnamen.</p>
<p><img loading="lazy" decoding="async" class="size-full wp-image-1315 alignnone" style="border: 1px solid black;" src="https://www.ac-germania.com/A_ACG/wordpress/wp-content/uploads/2013/06/fahne_rueckseite.gif" alt="" width="462" height="398" /><br />
Rückseite mit den 4 K&#8217;s, welche für &#8222;Kraftvoll&#8220;, &#8222;Kunstvoll&#8220;, &#8222;Kernig&#8220; und Kühn stehen.</p>

<p>Verein Der Athletenclub Germania Artern zählt zu den größten und Mitgliedsstärksten Vereinen im Kyffhäuserkreis und Nordthüringen. Neben dem sportlichen Gedanken wird bei uns auch das Vereinsleben großgeschrieben. Wir engagieren uns stark im Nachwuchsbereich und bieten allen ein sportliches und soziales Umfeld. Lernen Sie den AC Germania kennen und werden Sie … <a class="continue-reading-link" href="https://www.ac-germania.com/?page_id=19">Weiterlesen <span class="meta-nav">&rarr; </span></a></p>
