{"id":1434,"date":"2013-06-26T22:44:09","date_gmt":"2013-06-26T20:44:09","guid":{"rendered":"http:\/\/www.ac-germania.com\/A_ACG\/wordpress\/?page_id=1434"},"modified":"2013-09-13T11:31:57","modified_gmt":"2013-09-13T09:31:57","slug":"die-jahre-von-2000-2010","status":"publish","type":"page","link":"https:\/\/www.ac-germania.com\/?page_id=1434","title":{"rendered":"Die Jahre von 2000 bis 2010"},"content":{"rendered":"<h2><strong>Die Jahre von 2000 bis 2010<\/strong><\/h2>\n<p>Im Mannschaftsringen sollten Anfang des neuen Jahrhunderts neue Wege gegangen werden. Die erste M\u00e4nnermannschaft mischte in der Th\u00fcringenliga an der Spitze mit. Trainer Uwe P\u00f6tzschke und Mannschaftsleiter Thomas Grosche formten mit der \u201eAlten Garde\u201c um Steffen G\u00fcnther, Steffen Wengel, Marko Eichentopf, Heiko Kupfernagel und jungen Nachwuchssportlern wie Marcel M\u00fcnchhoff, Tobias Pabst, Marcel T\u00f6pfer, Stephan Knopf und Jean H\u00f6rig eine starke Mannschaft welche nach dem zweiten Platz 2000 (Finalniederlage gegen TUS Jena) schlie\u00dflich 2001 den Titel in der Th\u00fcringenliga (Finale gegen RSC Erfurt) holte und damit den Aufstieg in Deutschlands dritth\u00f6chste Klasse, der Regionalliga schaffte. In der Folge wurde das Team mit dem sp\u00e4teren Publikumsliebling und Mannschaftskapit\u00e4n Tobias Boeck (Wernigerode), Tilo Frisch (Dessau), Christian N\u00e4ther (Halle) sowie Marcel Hunger (Wernigerode) verst\u00e4rkt. Die erste Saison in der Regionalliga verlief trotz Auftaktsieg auf der Freilichtb\u00fchne sehr durchwachsen und am Ende konnte die Liga nur knapp gehalten werden. In den folgenden Jahren wurde die Mannschaft weiterhin gezielt verst\u00e4rkt und es konnten durchweg ordentliche Ergebnisse in der Regionalliga erzielt werden. Highlight ganz sicher der dritte Platz in der Saison 2003. Um den Nachwuchssportlern eine sportliche Perspektive bieten zu k\u00f6nnen, wurde au\u00dferdem eine zweite Mannschaft in der Landesliga Sachsen-Anhalt gegr\u00fcndet. Die Verantwortlichen Gerhard G\u00fcnther sowie Norman Finke erzielten mit Ihrem jungen Team auch sehr gute Ergebnisse in dieser Liga und Sportler wie bsp. Daniel Geist und Konstantin Kersten u.a. schafften schlie\u00dflich den Sprung als Stammkader in die erste Mannschaft. Nach der Saison 2008 entschied sich die Mannschaftsleitung das Team aus der Regionalliga zur\u00fcckzuziehen und einen Neuanfang in der Oberliga zu starten.<\/p>\n<h4 style=\"text-align: center;\"><img loading=\"lazy\" decoding=\"async\" class=\"aligncenter size-large wp-image-756\" alt=\"2005-ACG-Team-Regionalliga\" src=\"https:\/\/www.ac-germania.com\/A_ACG\/wordpress\/wp-content\/uploads\/2013\/06\/2005-ACG-Team-Regionalliga1-1024x521.jpg\" width=\"700\" height=\"356\" srcset=\"https:\/\/www.ac-germania.com\/A_ACG\/wordpress\/wp-content\/uploads\/2013\/06\/2005-ACG-Team-Regionalliga1-1024x521.jpg 1024w, https:\/\/www.ac-germania.com\/A_ACG\/wordpress\/wp-content\/uploads\/2013\/06\/2005-ACG-Team-Regionalliga1-300x152.jpg 300w, https:\/\/www.ac-germania.com\/A_ACG\/wordpress\/wp-content\/uploads\/2013\/06\/2005-ACG-Team-Regionalliga1-250x127.jpg 250w, https:\/\/www.ac-germania.com\/A_ACG\/wordpress\/wp-content\/uploads\/2013\/06\/2005-ACG-Team-Regionalliga1.jpg 1050w\" sizes=\"auto, (max-width: 700px) 100vw, 700px\" \/>Regionalligamannschaft 2005<\/h4>\n<p>Im Jugendbereich gab es 2003 den bis dahin gr\u00f6\u00dften Erfolg der Vereinsgeschichte. Die C\/D-Jugend-Mannschaft mit Trainer Gerhard G\u00fcnther gewann die <strong><a title=\"Deutscher Mannschaftsmeister C\/D 2003\" href=\"https:\/\/www.ac-germania.com\/?page_id=768\">Deutsche Mannschaftsmeisterschaft<\/a><\/strong> in Pirmasens und trug sich damit in die Geschichtsb\u00fccher des Vereins ein. Auch bei Deutschen Einzelmeisterschaften konnten die Nachwuchssportler von Gerhard G\u00fcnther \u00fcberzeugen. Stephan Grimm wurde nach seinem \u00a0dritten Platz 2002 schlie\u00dflich ein Jahr sp\u00e4ter Deutscher Meister. Im gleichen Jahr wurde Sebastian Stuck Vizemeister. 2004 gewann Martin Mach die Bronzemedaille. 2005 errang Stephan Grimm seine dritte Medaille und holte genau wie Marcel Tropsch die Bronzemedaille. Gaststarter Daniel Geist wurde 2006 Deutscher Meister und empfiehl sich f\u00fcr den Jugendnationalkader. Mit der konsequenten Jugendarbeit stellen die Nachwuchstrainer einen sehr guten Grundstein f\u00fcr die sp\u00e4teren Mannschaftserfolge.<\/p>\n<h4 style=\"text-align: center;\"><img loading=\"lazy\" decoding=\"async\" class=\"aligncenter size-full wp-image-1673\" style=\"border: 1px solid black;\" alt=\"acg_chronik_008\" src=\"https:\/\/www.ac-germania.com\/A_ACG\/wordpress\/wp-content\/uploads\/2013\/06\/acg_chronik_008.jpg\" width=\"400\" height=\"409\" srcset=\"https:\/\/www.ac-germania.com\/A_ACG\/wordpress\/wp-content\/uploads\/2013\/06\/acg_chronik_008.jpg 400w, https:\/\/www.ac-germania.com\/A_ACG\/wordpress\/wp-content\/uploads\/2013\/06\/acg_chronik_008-293x300.jpg 293w, https:\/\/www.ac-germania.com\/A_ACG\/wordpress\/wp-content\/uploads\/2013\/06\/acg_chronik_008-146x150.jpg 146w\" sizes=\"auto, (max-width: 400px) 100vw, 400px\" \/>(2003) Erfolgstrainer Gerhard G\u00fcnther mit Stephan Grimm (Deutscher Meister Jgd. C), Sebastian Stuck (2. Deutscher Meister Jgd. C) sowie Betreuer Karl-Heinz Pillep<\/h4>\n<p>Die Jugendlichen bekamen neben der hervorragenden Trainingsbetreuung auch die M\u00f6glichkeit auf interkulturelle Ma\u00dfnahmen und Wettkampfreisen. Jedes Jahr wurden verschiedene Gastbesuche in Ungarn, Polen, Malta, Italien, Japan, Litauen, Schweden, Frankreich, Rum\u00e4nien, Slowakei, Tschechien und \u00d6sterreich durchgef\u00fchrt. Im Gegenzug waren wir nat\u00fcrlich auch Gastgeber f\u00fcr viele internationale Jugendgruppen. Bei den Gastbesuchen wurde gro\u00dfer Wert auf sportliche sowie kulturelle Aktivit\u00e4ten gelegt.<\/p>\n<p>Auch im und am Haus der Ringer tat sich in diesem Jahrzehnt wieder einiges, neben unz\u00e4hligen Arbeitseins\u00e4tzen wurde 2007 die Wettkampfhalle sowie die Sanit\u00e4ren Einrichtungen komplett in Eigenleistung erneuert und renoviert um bei Mannschafts- und Jugendwettk\u00e4mpfen ein w\u00fcrdiger Ausrichter zu sein.<\/p>\n","protected":false},"excerpt":{"rendered":"<p>Die Jahre von 2000 bis 2010 Im Mannschaftsringen sollten Anfang des neuen Jahrhunderts neue Wege gegangen werden. Die erste M\u00e4nnermannschaft mischte in der Th\u00fcringenliga an der Spitze mit. Trainer Uwe P\u00f6tzschke und Mannschaftsleiter Thomas Grosche formten mit der \u201eAlten Garde\u201c um Steffen G\u00fcnther, Steffen Wengel, Marko Eichentopf, Heiko Kupfernagel und \u2026 <a class=\"continue-reading-link\" href=\"https:\/\/www.ac-germania.com\/?page_id=1434\">Weiterlesen <span class=\"meta-nav\">&rarr; <\/span><\/a><\/p>\n","protected":false},"author":1,"featured_media":0,"parent":175,"menu_order":0,"comment_status":"closed","ping_status":"closed","template":"","meta":{"footnotes":""},"class_list":["post-1434","page","type-page","status-publish","hentry"],"_links":{"self":[{"href":"https:\/\/www.ac-germania.com\/index.php?rest_route=\/wp\/v2\/pages\/1434","targetHints":{"allow":["GET"]}}],"collection":[{"href":"https:\/\/www.ac-germania.com\/index.php?rest_route=\/wp\/v2\/pages"}],"about":[{"href":"https:\/\/www.ac-germania.com\/index.php?rest_route=\/wp\/v2\/types\/page"}],"author":[{"embeddable":true,"href":"https:\/\/www.ac-germania.com\/index.php?rest_route=\/wp\/v2\/users\/1"}],"replies":[{"embeddable":true,"href":"https:\/\/www.ac-germania.com\/index.php?rest_route=%2Fwp%2Fv2%2Fcomments&post=1434"}],"version-history":[{"count":0,"href":"https:\/\/www.ac-germania.com\/index.php?rest_route=\/wp\/v2\/pages\/1434\/revisions"}],"up":[{"embeddable":true,"href":"https:\/\/www.ac-germania.com\/index.php?rest_route=\/wp\/v2\/pages\/175"}],"wp:attachment":[{"href":"https:\/\/www.ac-germania.com\/index.php?rest_route=%2Fwp%2Fv2%2Fmedia&parent=1434"}],"curies":[{"name":"wp","href":"https:\/\/api.w.org\/{rel}","templated":true}]}}

<h2><strong>Die Jahre von 2000 bis 2010</strong></h2>
<p>Im Mannschaftsringen sollten Anfang des neuen Jahrhunderts neue Wege gegangen werden. Die erste Männermannschaft mischte in der Thüringenliga an der Spitze mit. Trainer Uwe Pötzschke und Mannschaftsleiter Thomas Grosche formten mit der „Alten Garde“ um Steffen Günther, Steffen Wengel, Marko Eichentopf, Heiko Kupfernagel und jungen Nachwuchssportlern wie Marcel Münchhoff, Tobias Pabst, Marcel Töpfer, Stephan Knopf und Jean Hörig eine starke Mannschaft welche nach dem zweiten Platz 2000 (Finalniederlage gegen TUS Jena) schließlich 2001 den Titel in der Thüringenliga (Finale gegen RSC Erfurt) holte und damit den Aufstieg in Deutschlands dritthöchste Klasse, der Regionalliga schaffte. In der Folge wurde das Team mit dem späteren Publikumsliebling und Mannschaftskapitän Tobias Boeck (Wernigerode), Tilo Frisch (Dessau), Christian Näther (Halle) sowie Marcel Hunger (Wernigerode) verstärkt. Die erste Saison in der Regionalliga verlief trotz Auftaktsieg auf der Freilichtbühne sehr durchwachsen und am Ende konnte die Liga nur knapp gehalten werden. In den folgenden Jahren wurde die Mannschaft weiterhin gezielt verstärkt und es konnten durchweg ordentliche Ergebnisse in der Regionalliga erzielt werden. Highlight ganz sicher der dritte Platz in der Saison 2003. Um den Nachwuchssportlern eine sportliche Perspektive bieten zu können, wurde außerdem eine zweite Mannschaft in der Landesliga Sachsen-Anhalt gegründet. Die Verantwortlichen Gerhard Günther sowie Norman Finke erzielten mit Ihrem jungen Team auch sehr gute Ergebnisse in dieser Liga und Sportler wie bsp. Daniel Geist und Konstantin Kersten u.a. schafften schließlich den Sprung als Stammkader in die erste Mannschaft. Nach der Saison 2008 entschied sich die Mannschaftsleitung das Team aus der Regionalliga zurückzuziehen und einen Neuanfang in der Oberliga zu starten.</p>
<h4 style="text-align: center;"><img loading="lazy" decoding="async" class="aligncenter size-large wp-image-756" alt="2005-ACG-Team-Regionalliga" src="https://www.ac-germania.com/A_ACG/wordpress/wp-content/uploads/2013/06/2005-ACG-Team-Regionalliga1-1024x521.jpg" width="700" height="356" srcset="https://www.ac-germania.com/A_ACG/wordpress/wp-content/uploads/2013/06/2005-ACG-Team-Regionalliga1-1024x521.jpg 1024w, https://www.ac-germania.com/A_ACG/wordpress/wp-content/uploads/2013/06/2005-ACG-Team-Regionalliga1-300x152.jpg 300w, https://www.ac-germania.com/A_ACG/wordpress/wp-content/uploads/2013/06/2005-ACG-Team-Regionalliga1-250x127.jpg 250w, https://www.ac-germania.com/A_ACG/wordpress/wp-content/uploads/2013/06/2005-ACG-Team-Regionalliga1.jpg 1050w" sizes="auto, (max-width: 700px) 100vw, 700px" />Regionalligamannschaft 2005</h4>
<p>Im Jugendbereich gab es 2003 den bis dahin größten Erfolg der Vereinsgeschichte. Die C/D-Jugend-Mannschaft mit Trainer Gerhard Günther gewann die <strong><a title="Deutscher Mannschaftsmeister C/D 2003" href="https://www.ac-germania.com/?page_id=768">Deutsche Mannschaftsmeisterschaft</a></strong> in Pirmasens und trug sich damit in die Geschichtsbücher des Vereins ein. Auch bei Deutschen Einzelmeisterschaften konnten die Nachwuchssportler von Gerhard Günther überzeugen. Stephan Grimm wurde nach seinem  dritten Platz 2002 schließlich ein Jahr später Deutscher Meister. Im gleichen Jahr wurde Sebastian Stuck Vizemeister. 2004 gewann Martin Mach die Bronzemedaille. 2005 errang Stephan Grimm seine dritte Medaille und holte genau wie Marcel Tropsch die Bronzemedaille. Gaststarter Daniel Geist wurde 2006 Deutscher Meister und empfiehl sich für den Jugendnationalkader. Mit der konsequenten Jugendarbeit stellen die Nachwuchstrainer einen sehr guten Grundstein für die späteren Mannschaftserfolge.</p>
<h4 style="text-align: center;"><img loading="lazy" decoding="async" class="aligncenter size-full wp-image-1673" style="border: 1px solid black;" alt="acg_chronik_008" src="https://www.ac-germania.com/A_ACG/wordpress/wp-content/uploads/2013/06/acg_chronik_008.jpg" width="400" height="409" srcset="https://www.ac-germania.com/A_ACG/wordpress/wp-content/uploads/2013/06/acg_chronik_008.jpg 400w, https://www.ac-germania.com/A_ACG/wordpress/wp-content/uploads/2013/06/acg_chronik_008-293x300.jpg 293w, https://www.ac-germania.com/A_ACG/wordpress/wp-content/uploads/2013/06/acg_chronik_008-146x150.jpg 146w" sizes="auto, (max-width: 400px) 100vw, 400px" />(2003) Erfolgstrainer Gerhard Günther mit Stephan Grimm (Deutscher Meister Jgd. C), Sebastian Stuck (2. Deutscher Meister Jgd. C) sowie Betreuer Karl-Heinz Pillep</h4>
<p>Die Jugendlichen bekamen neben der hervorragenden Trainingsbetreuung auch die Möglichkeit auf interkulturelle Maßnahmen und Wettkampfreisen. Jedes Jahr wurden verschiedene Gastbesuche in Ungarn, Polen, Malta, Italien, Japan, Litauen, Schweden, Frankreich, Rumänien, Slowakei, Tschechien und Österreich durchgeführt. Im Gegenzug waren wir natürlich auch Gastgeber für viele internationale Jugendgruppen. Bei den Gastbesuchen wurde großer Wert auf sportliche sowie kulturelle Aktivitäten gelegt.</p>
<p>Auch im und am Haus der Ringer tat sich in diesem Jahrzehnt wieder einiges, neben unzähligen Arbeitseinsätzen wurde 2007 die Wettkampfhalle sowie die Sanitären Einrichtungen komplett in Eigenleistung erneuert und renoviert um bei Mannschafts- und Jugendwettkämpfen ein würdiger Ausrichter zu sein.</p>

<p>Die Jahre von 2000 bis 2010 Im Mannschaftsringen sollten Anfang des neuen Jahrhunderts neue Wege gegangen werden. Die erste Männermannschaft mischte in der Thüringenliga an der Spitze mit. Trainer Uwe Pötzschke und Mannschaftsleiter Thomas Grosche formten mit der „Alten Garde“ um Steffen Günther, Steffen Wengel, Marko Eichentopf, Heiko Kupfernagel und … <a class="continue-reading-link" href="https://www.ac-germania.com/?page_id=1434">Weiterlesen <span class="meta-nav">&rarr; </span></a></p>
