{"id":1402,"date":"2013-06-26T14:28:46","date_gmt":"2013-06-26T12:28:46","guid":{"rendered":"http:\/\/www.ac-germania.com\/A_ACG\/wordpress\/?page_id=1402"},"modified":"2013-06-26T17:01:49","modified_gmt":"2013-06-26T15:01:49","slug":"die-ringerbuhne-im-freien","status":"publish","type":"page","link":"https:\/\/www.ac-germania.com\/?page_id=1402","title":{"rendered":"Die Ringerb\u00fchne im Freien"},"content":{"rendered":"<h2><strong>Die Ringerb\u00fchne im Freien<\/strong><\/h2>\n<p>Not macht erfinderisch, so \u00e4hnlich hat\u2019s wohl schon Plato gesagt. Nach den Zerst\u00f6rungen durch den zweiten Weltkrieg hatten Arterns Schwerathleten ihre liebe Not mit einer\u00a0 z\u00fcnftigen Wettkampfst\u00e4tte. Die 15 bis 20 Ringer, die 1949 wieder auf die Matte gehen wollten, suchten sich nun schon zum zweiten Mal in der Veitskirche ihr Domizil. Die R\u00e4ume wurden wiederum, wie schon 1928\/29, entsprechend hergerichtet.<\/p>\n<p>Und damit auch Arterns Publikum etwas vom Mattenkampf mitbekommt, bastelten sich die Ringer in Feierabendarbeit f\u00fcr die Wettk\u00e4mpfe im Freien auf dem Vergn\u00fcgungsplatz im Salinepark und f\u00fcr die Auftritte im Saline- und Goethehaussaal sowie im Speisesaal der Kyffh\u00e4userh\u00fctte ein Podium.<\/p>\n<p>Bei der Begeisterungsf\u00e4higkeit der B\u00fcrger aus Artern und Umgebung reichten die Podiumsbedingungen schon bald nicht mehr aus. Und man begann daher etwas zu bauen, was f\u00fcr den Ringkampfsport wohl einmalig ist: eine Freilichtb\u00fchne.<\/p>\n<p>Bis zu 2000 Zuschauer erlebten dieses Miniatur-Amphitheater f\u00fcr den Ringkampf bei den Wettk\u00e4mpfen auf dem Mattenquadrat mit. Von vornherein stand dabei f\u00fcr die Traditionsbewu\u00dften Ringer der Unstrutstadt fest: Sie wird den Namen \u201eWerner Seelenbinder\u201c tragen. Die Einweihung war ein Volksfest, der Seelenbinder-Film \u201eEiner von uns\u201c wurde in Anwesenheit der Mutter Seelenbinders und des Hauptdarstellers G\u00fcnter Simon uraufgef\u00fchrt.<\/p>\n<p>Im \u00fcbrigen entstand die \u201eWerner-Seelenbinder-Freilichtb\u00fchne\u201c in eigener Regie der Ringer. Von den Sportlern und ihren Anh\u00e4ngern wurden dabei 7.600 Arbeitsstunden geleistet. Im Freien wird heute freilich kaum noch gerungen, denn der Ringkampfsport hat seine Saison in die k\u00fchleren Jahreszeiten verlegt.<\/p>\n<p><img loading=\"lazy\" decoding=\"async\" class=\"wp-image-1403 alignnone\" style=\"border: 1px solid black;\" alt=\"2012-08-25-001\" src=\"https:\/\/www.ac-germania.com\/A_ACG\/wordpress\/wp-content\/uploads\/2013\/06\/2012-08-25-001.jpg\" width=\"700\" height=\"407\" srcset=\"https:\/\/www.ac-germania.com\/A_ACG\/wordpress\/wp-content\/uploads\/2013\/06\/2012-08-25-001.jpg 700w, https:\/\/www.ac-germania.com\/A_ACG\/wordpress\/wp-content\/uploads\/2013\/06\/2012-08-25-001-300x174.jpg 300w, https:\/\/www.ac-germania.com\/A_ACG\/wordpress\/wp-content\/uploads\/2013\/06\/2012-08-25-001-250x145.jpg 250w, https:\/\/www.ac-germania.com\/A_ACG\/wordpress\/wp-content\/uploads\/2013\/06\/2012-08-25-001-500x290.jpg 500w\" sizes=\"auto, (max-width: 700px) 100vw, 700px\" \/><em>Gro\u00dfartige Kulisse beim ersten Regionalligakampf der Saison 2012\u00a0gegen das Team vom SV Luftfahrt Berlin auf der Freilichtb\u00fchne welches die Germanen leider verloren haben.<\/em><\/p>\n","protected":false},"excerpt":{"rendered":"<p>Die Ringerb\u00fchne im Freien Not macht erfinderisch, so \u00e4hnlich hat\u2019s wohl schon Plato gesagt. Nach den Zerst\u00f6rungen durch den zweiten Weltkrieg hatten Arterns Schwerathleten ihre liebe Not mit einer\u00a0 z\u00fcnftigen Wettkampfst\u00e4tte. Die 15 bis 20 Ringer, die 1949 wieder auf die Matte gehen wollten, suchten sich nun schon zum zweiten \u2026 <a class=\"continue-reading-link\" href=\"https:\/\/www.ac-germania.com\/?page_id=1402\">Weiterlesen <span class=\"meta-nav\">&rarr; <\/span><\/a><\/p>\n","protected":false},"author":1,"featured_media":0,"parent":175,"menu_order":0,"comment_status":"closed","ping_status":"closed","template":"","meta":{"footnotes":""},"class_list":["post-1402","page","type-page","status-publish","hentry"],"_links":{"self":[{"href":"https:\/\/www.ac-germania.com\/index.php?rest_route=\/wp\/v2\/pages\/1402","targetHints":{"allow":["GET"]}}],"collection":[{"href":"https:\/\/www.ac-germania.com\/index.php?rest_route=\/wp\/v2\/pages"}],"about":[{"href":"https:\/\/www.ac-germania.com\/index.php?rest_route=\/wp\/v2\/types\/page"}],"author":[{"embeddable":true,"href":"https:\/\/www.ac-germania.com\/index.php?rest_route=\/wp\/v2\/users\/1"}],"replies":[{"embeddable":true,"href":"https:\/\/www.ac-germania.com\/index.php?rest_route=%2Fwp%2Fv2%2Fcomments&post=1402"}],"version-history":[{"count":0,"href":"https:\/\/www.ac-germania.com\/index.php?rest_route=\/wp\/v2\/pages\/1402\/revisions"}],"up":[{"embeddable":true,"href":"https:\/\/www.ac-germania.com\/index.php?rest_route=\/wp\/v2\/pages\/175"}],"wp:attachment":[{"href":"https:\/\/www.ac-germania.com\/index.php?rest_route=%2Fwp%2Fv2%2Fmedia&parent=1402"}],"curies":[{"name":"wp","href":"https:\/\/api.w.org\/{rel}","templated":true}]}}

Die Ringerbühne im Freien

<h2><strong>Die Ringerbühne im Freien</strong></h2>
<p>Not macht erfinderisch, so ähnlich hat’s wohl schon Plato gesagt. Nach den Zerstörungen durch den zweiten Weltkrieg hatten Arterns Schwerathleten ihre liebe Not mit einer  zünftigen Wettkampfstätte. Die 15 bis 20 Ringer, die 1949 wieder auf die Matte gehen wollten, suchten sich nun schon zum zweiten Mal in der Veitskirche ihr Domizil. Die Räume wurden wiederum, wie schon 1928/29, entsprechend hergerichtet.</p>
<p>Und damit auch Arterns Publikum etwas vom Mattenkampf mitbekommt, bastelten sich die Ringer in Feierabendarbeit für die Wettkämpfe im Freien auf dem Vergnügungsplatz im Salinepark und für die Auftritte im Saline- und Goethehaussaal sowie im Speisesaal der Kyffhäuserhütte ein Podium.</p>
<p>Bei der Begeisterungsfähigkeit der Bürger aus Artern und Umgebung reichten die Podiumsbedingungen schon bald nicht mehr aus. Und man begann daher etwas zu bauen, was für den Ringkampfsport wohl einmalig ist: eine Freilichtbühne.</p>
<p>Bis zu 2000 Zuschauer erlebten dieses Miniatur-Amphitheater für den Ringkampf bei den Wettkämpfen auf dem Mattenquadrat mit. Von vornherein stand dabei für die Traditionsbewußten Ringer der Unstrutstadt fest: Sie wird den Namen „Werner Seelenbinder“ tragen. Die Einweihung war ein Volksfest, der Seelenbinder-Film „Einer von uns“ wurde in Anwesenheit der Mutter Seelenbinders und des Hauptdarstellers Günter Simon uraufgeführt.</p>
<p>Im übrigen entstand die „Werner-Seelenbinder-Freilichtbühne“ in eigener Regie der Ringer. Von den Sportlern und ihren Anhängern wurden dabei 7.600 Arbeitsstunden geleistet. Im Freien wird heute freilich kaum noch gerungen, denn der Ringkampfsport hat seine Saison in die kühleren Jahreszeiten verlegt.</p>
<p><img loading="lazy" decoding="async" class="wp-image-1403 alignnone" style="border: 1px solid black;" alt="2012-08-25-001" src="https://www.ac-germania.com/A_ACG/wordpress/wp-content/uploads/2013/06/2012-08-25-001.jpg" width="700" height="407" srcset="https://www.ac-germania.com/A_ACG/wordpress/wp-content/uploads/2013/06/2012-08-25-001.jpg 700w, https://www.ac-germania.com/A_ACG/wordpress/wp-content/uploads/2013/06/2012-08-25-001-300x174.jpg 300w, https://www.ac-germania.com/A_ACG/wordpress/wp-content/uploads/2013/06/2012-08-25-001-250x145.jpg 250w, https://www.ac-germania.com/A_ACG/wordpress/wp-content/uploads/2013/06/2012-08-25-001-500x290.jpg 500w" sizes="auto, (max-width: 700px) 100vw, 700px" /><em>Großartige Kulisse beim ersten Regionalligakampf der Saison 2012 gegen das Team vom SV Luftfahrt Berlin auf der Freilichtbühne welches die Germanen leider verloren haben.</em></p>

<p>Die Ringerbühne im Freien Not macht erfinderisch, so ähnlich hat’s wohl schon Plato gesagt. Nach den Zerstörungen durch den zweiten Weltkrieg hatten Arterns Schwerathleten ihre liebe Not mit einer  zünftigen Wettkampfstätte. Die 15 bis 20 Ringer, die 1949 wieder auf die Matte gehen wollten, suchten sich nun schon zum zweiten … <a class="continue-reading-link" href="https://www.ac-germania.com/?page_id=1402">Weiterlesen <span class="meta-nav">&rarr; </span></a></p>
