{"id":1212,"date":"2013-06-19T20:32:00","date_gmt":"2013-06-19T18:32:00","guid":{"rendered":"http:\/\/www.ac-germania.com\/A_ACG\/wordpress\/?page_id=1212"},"modified":"2013-06-20T11:00:11","modified_gmt":"2013-06-20T09:00:11","slug":"1994-1-mannschaft","status":"publish","type":"page","link":"https:\/\/www.ac-germania.com\/?page_id=1212","title":{"rendered":"1994 | 1. Mannschaft"},"content":{"rendered":"<h2 style=\"text-align: center;\"><strong>Kader 1. Mannschaft\u00a01994 |\u00a0Th\u00fcringenliga<\/strong><\/h2>\n<p><img loading=\"lazy\" decoding=\"async\" class=\"size-full wp-image-1213 aligncenter\" style=\"border: 1px solid black;\" alt=\"1994-ACG-Team-Thueringenliga\" src=\"https:\/\/www.ac-germania.com\/A_ACG\/wordpress\/wp-content\/uploads\/2013\/06\/1994-ACG-Team-Thueringenliga.jpg\" width=\"600\" height=\"463\" srcset=\"https:\/\/www.ac-germania.com\/A_ACG\/wordpress\/wp-content\/uploads\/2013\/06\/1994-ACG-Team-Thueringenliga.jpg 600w, https:\/\/www.ac-germania.com\/A_ACG\/wordpress\/wp-content\/uploads\/2013\/06\/1994-ACG-Team-Thueringenliga-300x231.jpg 300w, https:\/\/www.ac-germania.com\/A_ACG\/wordpress\/wp-content\/uploads\/2013\/06\/1994-ACG-Team-Thueringenliga-194x150.jpg 194w\" sizes=\"auto, (max-width: 600px) 100vw, 600px\" \/><\/p>\n<p align=\"center\">Obere Reihe (v.l.): Heiko Kupfernagel, Thomas Grosche, Mario Panitzsch, Frank Riese, Uwe B\u00fcttner (Trainer)<br \/>\nMittlere Reihe (v.l.): Gerhard G\u00fcnther, Peter Steinb\u00fcck, Steffen G\u00fcnther, Uwe Reichow, Steffen Wengel, Steffen Steinbr\u00fcck, Torsten Grosche, Dirk Michel,<br \/>\nUntere Reihe (v.l.): Norman Finke, Kai Schmiedehausen, Markus Raue, Marko Eichentopf<\/p>\n","protected":false},"excerpt":{"rendered":"<p>Kader 1. Mannschaft\u00a01994 |\u00a0Th\u00fcringenliga Obere Reihe (v.l.): Heiko Kupfernagel, Thomas Grosche, Mario Panitzsch, Frank Riese, Uwe B\u00fcttner (Trainer) Mittlere Reihe (v.l.): Gerhard G\u00fcnther, Peter Steinb\u00fcck, Steffen G\u00fcnther, Uwe Reichow, Steffen Wengel, Steffen Steinbr\u00fcck, Torsten Grosche, Dirk Michel, Untere Reihe (v.l.): Norman Finke, Kai Schmiedehausen, Markus Raue, Marko Eichentopf<\/p>\n","protected":false},"author":1,"featured_media":0,"parent":178,"menu_order":0,"comment_status":"closed","ping_status":"closed","template":"template-onecolumn.php","meta":{"footnotes":""},"class_list":["post-1212","page","type-page","status-publish","hentry"],"_links":{"self":[{"href":"https:\/\/www.ac-germania.com\/index.php?rest_route=\/wp\/v2\/pages\/1212","targetHints":{"allow":["GET"]}}],"collection":[{"href":"https:\/\/www.ac-germania.com\/index.php?rest_route=\/wp\/v2\/pages"}],"about":[{"href":"https:\/\/www.ac-germania.com\/index.php?rest_route=\/wp\/v2\/types\/page"}],"author":[{"embeddable":true,"href":"https:\/\/www.ac-germania.com\/index.php?rest_route=\/wp\/v2\/users\/1"}],"replies":[{"embeddable":true,"href":"https:\/\/www.ac-germania.com\/index.php?rest_route=%2Fwp%2Fv2%2Fcomments&post=1212"}],"version-history":[{"count":0,"href":"https:\/\/www.ac-germania.com\/index.php?rest_route=\/wp\/v2\/pages\/1212\/revisions"}],"up":[{"embeddable":true,"href":"https:\/\/www.ac-germania.com\/index.php?rest_route=\/wp\/v2\/pages\/178"}],"wp:attachment":[{"href":"https:\/\/www.ac-germania.com\/index.php?rest_route=%2Fwp%2Fv2%2Fmedia&parent=1212"}],"curies":[{"name":"wp","href":"https:\/\/api.w.org\/{rel}","templated":true}]}}